[INFO] cloning repository https://github.com/antonin07130/tinynn
[INFO] running `Command { std: "git" "-c" "credential.helper=" "-c" "credential.helper=/workspace/cargo-home/bin/git-credential-null" "clone" "--bare" "https://github.com/antonin07130/tinynn" "/workspace/cache/git-repos/https%3A%2F%2Fgithub.com%2Fantonin07130%2Ftinynn", kill_on_drop: false }`
[INFO] [stderr] Cloning into bare repository '/workspace/cache/git-repos/https%3A%2F%2Fgithub.com%2Fantonin07130%2Ftinynn'...
[INFO] running `Command { std: "git" "rev-parse" "HEAD", kill_on_drop: false }`
[INFO] [stdout] e9928a528c881a7130d3b3874f506f7733cd6628
[INFO] checking antonin07130/tinynn against master#af3c6e733a40e671550e0f0f5aeecaa13772ba56 for pr-74989
[INFO] running `Command { std: "git" "clone" "/workspace/cache/git-repos/https%3A%2F%2Fgithub.com%2Fantonin07130%2Ftinynn" "/workspace/builds/worker-9/source", kill_on_drop: false }`
[INFO] [stderr] Cloning into '/workspace/builds/worker-9/source'...
[INFO] [stderr] done.
[INFO] validating manifest of git repo https://github.com/antonin07130/tinynn on toolchain af3c6e733a40e671550e0f0f5aeecaa13772ba56
[INFO] running `Command { std: "/workspace/cargo-home/bin/cargo" "+af3c6e733a40e671550e0f0f5aeecaa13772ba56" "read-manifest" "--manifest-path" "Cargo.toml", kill_on_drop: false }`
[INFO] started tweaking git repo https://github.com/antonin07130/tinynn
[INFO] finished tweaking git repo https://github.com/antonin07130/tinynn
[INFO] tweaked toml for git repo https://github.com/antonin07130/tinynn written to /workspace/builds/worker-9/source/Cargo.toml
[INFO] crate git repo https://github.com/antonin07130/tinynn already has a lockfile, it will not be regenerated
[INFO] running `Command { std: "/workspace/cargo-home/bin/cargo" "+af3c6e733a40e671550e0f0f5aeecaa13772ba56" "fetch" "--locked" "--manifest-path" "Cargo.toml", kill_on_drop: false }`
[INFO] [stderr]     Blocking waiting for file lock on package cache
[INFO] running `Command { std: "docker" "create" "-v" "/var/lib/crater-agent-workspace/builds/worker-9/target:/opt/rustwide/target:rw,Z" "-v" "/var/lib/crater-agent-workspace/builds/worker-9/source:/opt/rustwide/workdir:ro,Z" "-v" "/var/lib/crater-agent-workspace/cargo-home:/opt/rustwide/cargo-home:ro,Z" "-v" "/var/lib/crater-agent-workspace/rustup-home:/opt/rustwide/rustup-home:ro,Z" "-e" "SOURCE_DIR=/opt/rustwide/workdir" "-e" "CARGO_TARGET_DIR=/opt/rustwide/target" "-e" "CARGO_HOME=/opt/rustwide/cargo-home" "-e" "RUSTUP_HOME=/opt/rustwide/rustup-home" "-w" "/opt/rustwide/workdir" "-m" "1610612736" "--user" "0:0" "--network" "none" "rustops/crates-build-env@sha256:d92eaeed33fa75130ca1ee6c8a01d1ffb62bac859dfdfb3450e3e5d1c0146529" "/opt/rustwide/cargo-home/bin/cargo" "+af3c6e733a40e671550e0f0f5aeecaa13772ba56" "metadata" "--no-deps" "--format-version=1", kill_on_drop: false }`
[INFO] [stdout] 248872bb736544d635324d2bab29df294ff3f827ce12e2f68398ccf41f1d6662
[INFO] [stderr] WARNING: Your kernel does not support swap limit capabilities or the cgroup is not mounted. Memory limited without swap.
[INFO] running `Command { std: "docker" "start" "-a" "248872bb736544d635324d2bab29df294ff3f827ce12e2f68398ccf41f1d6662", kill_on_drop: false }`
[INFO] running `Command { std: "docker" "inspect" "248872bb736544d635324d2bab29df294ff3f827ce12e2f68398ccf41f1d6662", kill_on_drop: false }`
[INFO] running `Command { std: "docker" "rm" "-f" "248872bb736544d635324d2bab29df294ff3f827ce12e2f68398ccf41f1d6662", kill_on_drop: false }`
[INFO] [stdout] 248872bb736544d635324d2bab29df294ff3f827ce12e2f68398ccf41f1d6662
[INFO] running `Command { std: "docker" "create" "-v" "/var/lib/crater-agent-workspace/builds/worker-9/target:/opt/rustwide/target:rw,Z" "-v" "/var/lib/crater-agent-workspace/builds/worker-9/source:/opt/rustwide/workdir:ro,Z" "-v" "/var/lib/crater-agent-workspace/cargo-home:/opt/rustwide/cargo-home:ro,Z" "-v" "/var/lib/crater-agent-workspace/rustup-home:/opt/rustwide/rustup-home:ro,Z" "-e" "SOURCE_DIR=/opt/rustwide/workdir" "-e" "CARGO_TARGET_DIR=/opt/rustwide/target" "-e" "CARGO_INCREMENTAL=0" "-e" "RUST_BACKTRACE=full" "-e" "RUSTFLAGS=--cap-lints=forbid" "-e" "CARGO_HOME=/opt/rustwide/cargo-home" "-e" "RUSTUP_HOME=/opt/rustwide/rustup-home" "-w" "/opt/rustwide/workdir" "-m" "1610612736" "--user" "0:0" "--network" "none" "rustops/crates-build-env@sha256:d92eaeed33fa75130ca1ee6c8a01d1ffb62bac859dfdfb3450e3e5d1c0146529" "/opt/rustwide/cargo-home/bin/cargo" "+af3c6e733a40e671550e0f0f5aeecaa13772ba56" "check" "--frozen" "--all" "--all-targets" "--message-format=json", kill_on_drop: false }`
[INFO] [stdout] 16382ff9dc4633274603381ad4611fffcdf2b2188c4d6d724452da5e178197a4
[INFO] [stderr] WARNING: Your kernel does not support swap limit capabilities or the cgroup is not mounted. Memory limited without swap.
[INFO] running `Command { std: "docker" "start" "-a" "16382ff9dc4633274603381ad4611fffcdf2b2188c4d6d724452da5e178197a4", kill_on_drop: false }`
[INFO] [stderr]    Compiling libc v0.2.76
[INFO] [stderr]    Compiling getrandom v0.1.14
[INFO] [stderr]     Checking cfg-if v0.1.10
[INFO] [stderr]    Compiling num-complex v0.2.4
[INFO] [stderr]     Checking ndarray v0.13.1
[INFO] [stderr]     Checking rand_core v0.5.1
[INFO] [stderr]     Checking rand_pcg v0.2.1
[INFO] [stderr]     Checking rand_chacha v0.2.2
[INFO] [stderr]     Checking rand v0.7.3
[INFO] [stderr]     Checking rand_distr v0.2.2
[INFO] [stderr]     Checking ndarray-rand v0.11.0
[INFO] [stderr]     Checking tinynn v0.1.0 (/opt/rustwide/workdir)
[INFO] [stdout] error[E0425]: cannot find value `x` in this scope
[INFO] [stdout]   --> src/main.rs:62:46
[INFO] [stdout]    |
[INFO] [stdout] 62 |      let mut layer1 : Array2<f64> = n.w1.dot(x);
[INFO] [stdout]    |                                              ^ help: a local variable with a similar name exists: `n`
[INFO] [stdout] 
[INFO] [stdout] 
[INFO] [stdout] warning: unused import: `ndarray::Array`
[INFO] [stdout]  --> src/main.rs:3:5
[INFO] [stdout]   |
[INFO] [stdout] 3 | use ndarray::Array;
[INFO] [stdout]   |     ^^^^^^^^^^^^^^
[INFO] [stdout]   |
[INFO] [stdout]   = note: `#[warn(unused_imports)]` on by default
[INFO] [stdout] 
[INFO] [stdout] 
[INFO] [stdout] error[E0425]: cannot find value `x` in this scope
[INFO] [stdout]   --> src/main.rs:62:46
[INFO] [stdout]    |
[INFO] [stdout] 62 |      let mut layer1 : Array2<f64> = n.w1.dot(x);
[INFO] [stdout]    |                                              ^ help: a local variable with a similar name exists: `n`
[INFO] [stdout] 
[INFO] [stdout] 
[INFO] [stdout] warning: unused import: `ndarray::Array`
[INFO] [stdout]  --> src/main.rs:3:5
[INFO] [stdout]   |
[INFO] [stdout] 3 | use ndarray::Array;
[INFO] [stdout]   |     ^^^^^^^^^^^^^^
[INFO] [stdout]   |
[INFO] [stdout]   = note: `#[warn(unused_imports)]` on by default
[INFO] [stdout] 
[INFO] [stdout] 
[INFO] [stdout] error[E0308]: mismatched types
[INFO] [stdout]   --> src/main.rs:64:46
[INFO] [stdout]    |
[INFO] [stdout] 64 |      let mut layer2 : Array2<_> = layer1.dot(n.w2);
[INFO] [stdout]    |                                              ^^^^
[INFO] [stdout]    |                                              |
[INFO] [stdout]    |                                              expected reference, found struct `ArrayBase`
[INFO] [stdout]    |                                              help: consider borrowing here: `&n.w2`
[INFO] [stdout]    |
[INFO] [stdout]    = note: expected reference `&_`
[INFO] [stdout]                  found struct `ArrayBase<OwnedRepr<f64>, Dim<[usize; 2]>>`
[INFO] [stdout] 
[INFO] [stdout] 
[INFO] [stdout] error[E0308]: mismatched types
[INFO] [stdout]   --> src/main.rs:64:46
[INFO] [stdout]    |
[INFO] [stdout] 64 |      let mut layer2 : Array2<_> = layer1.dot(n.w2);
[INFO] [stdout]    |                                              ^^^^
[INFO] [stdout]    |                                              |
[INFO] [stdout]    |                                              expected reference, found struct `ArrayBase`
[INFO] [stdout]    |                                              help: consider borrowing here: `&n.w2`
[INFO] [stdout]    |
[INFO] [stdout]    = note: expected reference `&_`
[INFO] [stdout]                  found struct `ArrayBase<OwnedRepr<f64>, Dim<[usize; 2]>>`
[INFO] [stdout] 
[INFO] [stdout] 
[INFO] [stdout] error[E0308]: mismatched types
[INFO] [stdout]   --> src/main.rs:61:40
[INFO] [stdout]    |
[INFO] [stdout] 61 |  fn feed_forward(n : NeuralNetwork) -> NeuralNetwork {
[INFO] [stdout]    |     ------------                       ^^^^^^^^^^^^^ expected struct `NeuralNetwork`, found `()`
[INFO] [stdout]    |     |
[INFO] [stdout]    |     implicitly returns `()` as its body has no tail or `return` expression
[INFO] [stdout] 
[INFO] [stdout] 
[INFO] [stdout] error[E0308]: mismatched types
[INFO] [stdout]   --> src/main.rs:61:40
[INFO] [stdout]    |
[INFO] [stdout] 61 |  fn feed_forward(n : NeuralNetwork) -> NeuralNetwork {
[INFO] [stdout]    |     ------------                       ^^^^^^^^^^^^^ expected struct `NeuralNetwork`, found `()`
[INFO] [stdout]    |     |
[INFO] [stdout]    |     implicitly returns `()` as its body has no tail or `return` expression
[INFO] [stdout] 
[INFO] [stdout] 
[INFO] [stdout] error: aborting due to 3 previous errors; 1 warning emitted
[INFO] [stdout] 
[INFO] [stdout] 
[INFO] [stdout] Some errors have detailed explanations: E0308, E0425.
[INFO] [stdout] 
[INFO] [stdout] For more information about an error, try `rustc --explain E0308`.
[INFO] [stdout] 
[INFO] [stderr] error: could not compile `tinynn`.
[INFO] [stderr] 
[INFO] [stderr] To learn more, run the command again with --verbose.
[INFO] [stderr] warning: build failed, waiting for other jobs to finish...
[INFO] [stdout] error: aborting due to 3 previous errors; 1 warning emitted
[INFO] [stdout] 
[INFO] [stdout] 
[INFO] [stdout] Some errors have detailed explanations: E0308, E0425.
[INFO] [stdout] 
[INFO] [stdout] For more information about an error, try `rustc --explain E0308`.
[INFO] [stdout] 
[INFO] [stderr] error: build failed
[INFO] running `Command { std: "docker" "inspect" "16382ff9dc4633274603381ad4611fffcdf2b2188c4d6d724452da5e178197a4", kill_on_drop: false }`
[INFO] running `Command { std: "docker" "rm" "-f" "16382ff9dc4633274603381ad4611fffcdf2b2188c4d6d724452da5e178197a4", kill_on_drop: false }`
[INFO] [stdout] 16382ff9dc4633274603381ad4611fffcdf2b2188c4d6d724452da5e178197a4
